{"id":66672,"date":"2025-11-10T15:10:58","date_gmt":"2025-11-10T15:10:58","guid":{"rendered":"https:\/\/bewehrungen.ch\/fusion-de-debrunner-acifer-armatures-sa-et-de-bewetec-sa\/"},"modified":"2026-01-28T12:28:51","modified_gmt":"2026-01-28T12:28:51","slug":"fusion-de-debrunner-acifer-armatures-sa-et-de-bewetec-sa","status":"publish","type":"page","link":"https:\/\/bewehrungen.ch\/fr\/fusion-de-debrunner-acifer-armatures-sa-et-de-bewetec-sa\/","title":{"rendered":"Fusion de Debrunner Acifer Armatures SA et de BEWETEC SA"},"content":{"rendered":"\n      <p id=\"block_4a8534e3a9f4cfe9e4f31ea96cdb7f74\" class=\"c-title mt-0 mb-6 lg:mb-17 alignwidetext-left l-block\"  >\n  \n  Fusion de Debrunner Acifer Armatures SA et de BEWETEC SA<\/p>\n\n\n<div class=\"wp-block-columns is-layout-flex wp-container-core-columns-is-layout-9d6595d7 wp-block-columns-is-layout-flex\">\n<div class=\"wp-block-column is-layout-flow wp-block-column-is-layout-flow\">\n<p>\u00c0 partir du 1er janvier 2026, Debrunner Acifer Armatures SA et BEWETEC SA fusionneront pour former Debrunner Bewetec. Les deux entreprises, bien implant\u00e9es depuis de nombreuses ann\u00e9es sur le march\u00e9 suisse et figures parmi les principaux fournisseurs dans le domaine des armatures, uniront leurs forces pour cr\u00e9er une base encore plus solide pour l\u2019avenir. La direction de Debrunner Bewetec sera assur\u00e9e par Andreas Wild, qui assumera cette fonction en plus de son r\u00f4le de responsable du secteur Armatures et de membre de la direction du groupe Debrunner Koenig AG. Michel Schafroth, responsable de la production et membre de la direction de BEWETEC SA, et David Felder, directeur de Debrunner Acifer Armatures SA, compl\u00e9teront l\u2019\u00e9quipe de direction.<\/p>\n<\/div>\n\n\n\n<div class=\"wp-block-column is-layout-flow wp-block-column-is-layout-flow\">\n<figure class=\"wp-block-image size-large\"><img loading=\"lazy\" decoding=\"async\" width=\"1024\" height=\"540\" src=\"https:\/\/bewehrungen.ch\/wp-content\/uploads\/2025\/09\/4K_DBW-1024x540.jpg\" alt=\"\" class=\"wp-image-63088\" srcset=\"https:\/\/bewehrungen.ch\/wp-content\/uploads\/2025\/09\/4K_DBW-1024x540.jpg 1024w, https:\/\/bewehrungen.ch\/wp-content\/uploads\/2025\/09\/4K_DBW-300x158.jpg 300w, https:\/\/bewehrungen.ch\/wp-content\/uploads\/2025\/09\/4K_DBW-768x405.jpg 768w, https:\/\/bewehrungen.ch\/wp-content\/uploads\/2025\/09\/4K_DBW-436x230.jpg 436w, https:\/\/bewehrungen.ch\/wp-content\/uploads\/2025\/09\/4K_DBW-550x290.jpg 550w, https:\/\/bewehrungen.ch\/wp-content\/uploads\/2025\/09\/4K_DBW.jpg 1280w\" sizes=\"auto, (max-width: 1024px) 100vw, 1024px\" \/><\/figure>\n<\/div>\n<\/div>\n\n\n\n<div class=\"wp-block-columns is-layout-flex wp-container-core-columns-is-layout-9d6595d7 wp-block-columns-is-layout-flex\">\n<div class=\"wp-block-column is-layout-flow wp-block-column-is-layout-flow\">\n<figure class=\"wp-block-image size-large\"><img loading=\"lazy\" decoding=\"async\" width=\"1024\" height=\"148\" src=\"https:\/\/bewehrungen.ch\/wp-content\/uploads\/2025\/09\/DE_DebrunnerBewehrungstechnik_RGB-1024x148.png\" alt=\"\" class=\"wp-image-63090\" srcset=\"https:\/\/bewehrungen.ch\/wp-content\/uploads\/2025\/09\/DE_DebrunnerBewehrungstechnik_RGB-1024x148.png 1024w, https:\/\/bewehrungen.ch\/wp-content\/uploads\/2025\/09\/DE_DebrunnerBewehrungstechnik_RGB-300x43.png 300w, https:\/\/bewehrungen.ch\/wp-content\/uploads\/2025\/09\/DE_DebrunnerBewehrungstechnik_RGB-768x111.png 768w, https:\/\/bewehrungen.ch\/wp-content\/uploads\/2025\/09\/DE_DebrunnerBewehrungstechnik_RGB-1536x221.png 1536w, https:\/\/bewehrungen.ch\/wp-content\/uploads\/2025\/09\/DE_DebrunnerBewehrungstechnik_RGB-2048x295.png 2048w, https:\/\/bewehrungen.ch\/wp-content\/uploads\/2025\/09\/DE_DebrunnerBewehrungstechnik_RGB-436x63.png 436w, https:\/\/bewehrungen.ch\/wp-content\/uploads\/2025\/09\/DE_DebrunnerBewehrungstechnik_RGB-550x79.png 550w\" sizes=\"auto, (max-width: 1024px) 100vw, 1024px\" \/><\/figure>\n<\/div>\n\n\n\n<div class=\"wp-block-column is-layout-flow wp-block-column-is-layout-flow\">\n<p><strong>Le d\u00e9partement Technique d&rsquo;armature devient une entreprise ind\u00e9pendante<\/strong><\/p>\n\n\n\n<p>Le d\u00e9partement Technique des armatures, actuellement rattach\u00e9 \u00e0 Debrunner Acifer Armatures SA, sera transform\u00e9 en une entit\u00e9 juridique ind\u00e9pendante \u00e0 partir du 1er octobre 2025.<\/p>\n\n\n\n<p>La nouvelle Debrunner Bewehrungstechnik SA pourra ainsi se d\u00e9velopper strat\u00e9giquement en tant qu\u2019entit\u00e9 ind\u00e9pendante et renforcer son offre de haute qualit\u00e9 en technique des armatures ainsi que son expertise d\u2019ing\u00e9nierie sp\u00e9cifique aux projets dans le conseil. L\u2019ancien responsable de d\u00e9partement, Pirmin Schuler, deviendra le directeur de Debrunner Bewehrungstechnik SA.<\/p>\n<\/div>\n<\/div>\n\n\n\n<p><\/p>\n","protected":false},"excerpt":{"rendered":"<p>\u00c0 partir du 1er janvier 2026, Debrunner Acifer Armatures SA et BEWETEC SA fusionneront pour former Debrunner Bewetec. Les deux entreprises, bien implant\u00e9es depuis de nombreuses ann\u00e9es sur le march\u00e9 suisse et figures parmi les principaux fournisseurs dans le domaine des armatures, uniront leurs forces pour cr\u00e9er une base encore plus solide pour l\u2019avenir. La [&hellip;]<\/p>\n","protected":false},"author":11,"featured_media":0,"parent":0,"menu_order":0,"comment_status":"closed","ping_status":"closed","template":"","meta":{"_acf_changed":false,"footnotes":""},"class_list":["post-66672","page","type-page","status-publish",""],"acf":[],"_links":{"self":[{"href":"https:\/\/bewehrungen.ch\/fr\/wp-json\/wp\/v2\/pages\/66672","targetHints":{"allow":["GET"]}}],"collection":[{"href":"https:\/\/bewehrungen.ch\/fr\/wp-json\/wp\/v2\/pages"}],"about":[{"href":"https:\/\/bewehrungen.ch\/fr\/wp-json\/wp\/v2\/types\/page"}],"author":[{"embeddable":true,"href":"https:\/\/bewehrungen.ch\/fr\/wp-json\/wp\/v2\/users\/11"}],"replies":[{"embeddable":true,"href":"https:\/\/bewehrungen.ch\/fr\/wp-json\/wp\/v2\/comments?post=66672"}],"version-history":[{"count":4,"href":"https:\/\/bewehrungen.ch\/fr\/wp-json\/wp\/v2\/pages\/66672\/revisions"}],"predecessor-version":[{"id":68136,"href":"https:\/\/bewehrungen.ch\/fr\/wp-json\/wp\/v2\/pages\/66672\/revisions\/68136"}],"wp:attachment":[{"href":"https:\/\/bewehrungen.ch\/fr\/wp-json\/wp\/v2\/media?parent=66672"}],"curies":[{"name":"wp","href":"https:\/\/api.w.org\/{rel}","templated":true}]}}

<p id="block_4a8534e3a9f4cfe9e4f31ea96cdb7f74" class="c-title mt-0 mb-6 lg:mb-17 alignwidetext-left l-block"  >
  
  Fusion de Debrunner Acifer Armatures SA et de BEWETEC SA</p>


<div class="wp-block-columns is-layout-flex wp-container-core-columns-is-layout-9d6595d7 wp-block-columns-is-layout-flex">
<div class="wp-block-column is-layout-flow wp-block-column-is-layout-flow">
<p>À partir du 1er janvier 2026, Debrunner Acifer Armatures SA et BEWETEC SA fusionneront pour former Debrunner Bewetec. Les deux entreprises, bien implantées depuis de nombreuses années sur le marché suisse et figures parmi les principaux fournisseurs dans le domaine des armatures, uniront leurs forces pour créer une base encore plus solide pour l’avenir. La direction de Debrunner Bewetec sera assurée par Andreas Wild, qui assumera cette fonction en plus de son rôle de responsable du secteur Armatures et de membre de la direction du groupe Debrunner Koenig AG. Michel Schafroth, responsable de la production et membre de la direction de BEWETEC SA, et David Felder, directeur de Debrunner Acifer Armatures SA, compléteront l’équipe de direction.</p>
</div>



<div class="wp-block-column is-layout-flow wp-block-column-is-layout-flow">
<figure class="wp-block-image size-large"><img loading="lazy" decoding="async" width="1024" height="540" src="https://bewehrungen.ch/wp-content/uploads/2025/09/4K_DBW-1024x540.jpg" alt="" class="wp-image-63088" srcset="https://bewehrungen.ch/wp-content/uploads/2025/09/4K_DBW-1024x540.jpg 1024w, https://bewehrungen.ch/wp-content/uploads/2025/09/4K_DBW-300x158.jpg 300w, https://bewehrungen.ch/wp-content/uploads/2025/09/4K_DBW-768x405.jpg 768w, https://bewehrungen.ch/wp-content/uploads/2025/09/4K_DBW-436x230.jpg 436w, https://bewehrungen.ch/wp-content/uploads/2025/09/4K_DBW-550x290.jpg 550w, https://bewehrungen.ch/wp-content/uploads/2025/09/4K_DBW.jpg 1280w" sizes="auto, (max-width: 1024px) 100vw, 1024px" /></figure>
</div>
</div>



<div class="wp-block-columns is-layout-flex wp-container-core-columns-is-layout-9d6595d7 wp-block-columns-is-layout-flex">
<div class="wp-block-column is-layout-flow wp-block-column-is-layout-flow">
<figure class="wp-block-image size-large"><img loading="lazy" decoding="async" width="1024" height="148" src="https://bewehrungen.ch/wp-content/uploads/2025/09/DE_DebrunnerBewehrungstechnik_RGB-1024x148.png" alt="" class="wp-image-63090" srcset="https://bewehrungen.ch/wp-content/uploads/2025/09/DE_DebrunnerBewehrungstechnik_RGB-1024x148.png 1024w, https://bewehrungen.ch/wp-content/uploads/2025/09/DE_DebrunnerBewehrungstechnik_RGB-300x43.png 300w, https://bewehrungen.ch/wp-content/uploads/2025/09/DE_DebrunnerBewehrungstechnik_RGB-768x111.png 768w, https://bewehrungen.ch/wp-content/uploads/2025/09/DE_DebrunnerBewehrungstechnik_RGB-1536x221.png 1536w, https://bewehrungen.ch/wp-content/uploads/2025/09/DE_DebrunnerBewehrungstechnik_RGB-2048x295.png 2048w, https://bewehrungen.ch/wp-content/uploads/2025/09/DE_DebrunnerBewehrungstechnik_RGB-436x63.png 436w, https://bewehrungen.ch/wp-content/uploads/2025/09/DE_DebrunnerBewehrungstechnik_RGB-550x79.png 550w" sizes="auto, (max-width: 1024px) 100vw, 1024px" /></figure>
</div>



<div class="wp-block-column is-layout-flow wp-block-column-is-layout-flow">
<p><strong>Le département Technique d&rsquo;armature devient une entreprise indépendante</strong></p>



<p>Le département Technique des armatures, actuellement rattaché à Debrunner Acifer Armatures SA, sera transformé en une entité juridique indépendante à partir du 1er octobre 2025.</p>



<p>La nouvelle Debrunner Bewehrungstechnik SA pourra ainsi se développer stratégiquement en tant qu’entité indépendante et renforcer son offre de haute qualité en technique des armatures ainsi que son expertise d’ingénierie spécifique aux projets dans le conseil. L’ancien responsable de département, Pirmin Schuler, deviendra le directeur de Debrunner Bewehrungstechnik SA.</p>
</div>
</div>



<p></p>

<p>À partir du 1er janvier 2026, Debrunner Acifer Armatures SA et BEWETEC SA fusionneront pour former Debrunner Bewetec. Les deux entreprises, bien implantées depuis de nombreuses années sur le marché suisse et figures parmi les principaux fournisseurs dans le domaine des armatures, uniront leurs forces pour créer une base encore plus solide pour l’avenir. La [&hellip;]</p>
